{"id":1533,"date":"2023-01-01T00:00:02","date_gmt":"2023-01-01T00:00:02","guid":{"rendered":"https:\/\/tcd.digital\/?product=product-57"},"modified":"2023-02-17T00:16:56","modified_gmt":"2023-02-17T00:16:56","slug":"product-57","status":"publish","type":"product","link":"https:\/\/tcd.digital\/?product=product-57","title":{"rendered":"Xerox Phaser 3250 Arrendamiento"},"content":{"rendered":"<p>Phaser\u00ae 3250<br \/>\nImpresora l\u00e1ser blanco y negro<\/p>\n<p>Compacta<br \/>\nEsta poderosa y peque\u00f1a impresora tiene capacidad para brindar a un usuario o un peque\u00f1o grupo de trabajo una r\u00e1pida impresi\u00f3n, una comodidad para la oficina y un excelente valor general.<\/p>\n<ul>\n<li>Velocidad 30 ppm ByN\/Duplex<\/li>\n<li>Tipos de papel De 75 A 163 Gr.\u00a0 Bond, Adhesivo, Acetato<\/li>\n<li>Conexi\u00f3n Red y USB<\/li>\n<li>Tama\u00f1o M\u00e1ximo\u00a0 8.5&#215;14 Pulgadas, Carta y Oficio<\/li>\n<\/ul>\n<p>&nbsp;<\/p>\n<div><img loading=\"lazy\" decoding=\"async\" class=\"aligncenter size-large wp-image-2878\" src=\"http:\/\/tcd.digital\/wp-content\/uploads\/2022\/08\/RENTA-PHASER-3250-1-793x1024.jpg\" alt=\"\" width=\"793\" height=\"1024\" srcset=\"https:\/\/tcd.digital\/wp-content\/uploads\/2022\/08\/RENTA-PHASER-3250-1-793x1024.jpg 793w, https:\/\/tcd.digital\/wp-content\/uploads\/2022\/08\/RENTA-PHASER-3250-1-232x300.jpg 232w, https:\/\/tcd.digital\/wp-content\/uploads\/2022\/08\/RENTA-PHASER-3250-1-768x992.jpg 768w, https:\/\/tcd.digital\/wp-content\/uploads\/2022\/08\/RENTA-PHASER-3250-1-600x775.jpg 600w, https:\/\/tcd.digital\/wp-content\/uploads\/2022\/08\/RENTA-PHASER-3250-1.jpg 851w\" sizes=\"auto, (max-width: 793px) 100vw, 793px\" \/><\/div>\n<h4 style=\"text-align: center;\"><strong><a href=\"http:\/\/tcd.digital\/wp-content\/uploads\/2022\/08\/FOLLETO-3250.pdf\" target=\"_blank\" rel=\"noopener\">FOLLETO<\/a><\/strong><\/h4>\n","protected":false},"excerpt":{"rendered":"<p>Phaser\u00ae 3250 Impresora l\u00e1ser blanco y negro. Esta poderosa y peque\u00f1a impresora tiene capacidad para brindar a un usuario o un peque\u00f1o grupo de trabajo una r\u00e1pida impresi\u00f3n, una comodidad para la oficina y un excelente valor general.<\/p>\n<ul>\n<li>Velocidad 30 ppm ByN\/Duplex<\/li>\n<li>Tipos de papel De 75 A 163 Gr.\u00a0 Bond, Adhesivo, Acetato<\/li>\n<li>Conexi\u00f3n Red y USB<\/li>\n<li>Tama\u00f1o M\u00e1ximo\u00a0 8.5&#215;14 Pulgadas, Carta y Oficio<\/li>\n<\/ul>\n","protected":false},"featured_media":2299,"template":"","meta":{"om_disable_all_campaigns":false,"_mi_skip_tracking":false,"site-sidebar-layout":"default","site-content-layout":"default","ast-global-header-display":"","ast-main-header-display":"","ast-hfb-above-header-display":"","ast-hfb-below-header-display":"","ast-hfb-mobile-header-display":"","site-post-title":"","ast-breadcrumbs-content":"","ast-featured-img":"","footer-sml-layout":"","theme-transparent-header-meta":"default","adv-header-id-meta":"","stick-header-meta":"","header-above-stick-meta":"","header-main-stick-meta":"","header-below-stick-meta":""},"product_cat":[126,100,96,120],"product_tag":[],"class_list":{"0":"post-1533","1":"product","2":"type-product","3":"status-publish","4":"has-post-thumbnail","6":"product_cat-arrendamiento","7":"product_cat-blanco-y-negro","8":"product_cat-impresora","9":"product_cat-tamano-carta-y-oficio","11":"first","12":"instock","13":"shipping-taxable","14":"purchasable","15":"product-type-simple"},"aioseo_notices":[],"_links":{"self":[{"href":"https:\/\/tcd.digital\/index.php?rest_route=\/wp\/v2\/product\/1533","targetHints":{"allow":["GET"]}}],"collection":[{"href":"https:\/\/tcd.digital\/index.php?rest_route=\/wp\/v2\/product"}],"about":[{"href":"https:\/\/tcd.digital\/index.php?rest_route=\/wp\/v2\/types\/product"}],"wp:featuredmedia":[{"embeddable":true,"href":"https:\/\/tcd.digital\/index.php?rest_route=\/wp\/v2\/media\/2299"}],"wp:attachment":[{"href":"https:\/\/tcd.digital\/index.php?rest_route=%2Fwp%2Fv2%2Fmedia&parent=1533"}],"wp:term":[{"taxonomy":"product_cat","embeddable":true,"href":"https:\/\/tcd.digital\/index.php?rest_route=%2Fwp%2Fv2%2Fproduct_cat&post=1533"},{"taxonomy":"product_tag","embeddable":true,"href":"https:\/\/tcd.digital\/index.php?rest_route=%2Fwp%2Fv2%2Fproduct_tag&post=1533"}],"curies":[{"name":"wp","href":"https:\/\/api.w.org\/{rel}","templated":true}]}}