{"id":2019,"date":"2023-01-01T00:00:09","date_gmt":"2023-01-01T00:00:09","guid":{"rendered":"https:\/\/tcd.digital\/?post_type=product&#038;p=2019"},"modified":"2023-01-11T00:09:55","modified_gmt":"2023-01-11T00:09:55","slug":"xerox-workcentre-7775-contado","status":"publish","type":"product","link":"https:\/\/tcd.digital\/?product=xerox-workcentre-7775-contado","title":{"rendered":"Xerox Workcentre 7775 Contado"},"content":{"rendered":"<h6>El equipo multifuncional con la impresi\u00f3n de la primera p\u00e1gina, copia tan r\u00e1pido como 5.5 segundos blanco y negro \/ 8.9 segundos color.<\/h6>\n<div class=\"xrx_row_details_module xrx_row_details_table row\">\n<div class=\"row row-eq-height xrx_i8_even\">\n<div class=\"col-md-3 col-sm-3 col-xs-12\">Una m\u00e1xima resoluci\u00f3n de 2400 x 2400 ppp<\/div>\n<\/div>\n<\/div>\n<div class=\"xrx_row_details_module xrx_row_details_table row\">\n<div class=\"row row-eq-height xrx_i8_odd\">\n<div class=\"col-md-3 col-sm-3 col-xs-12\">Funciones de copiado, impresi\u00f3n y escaneo.<\/div>\n<div>Velocidad de 50 ppm a color, 75 ppm byn<\/div>\n<div class=\"col-md-9 col-sm-9 col-xs-12\">Anotaci\u00f3n, Selecci\u00f3n de color autom\u00e1tica, Reducci\u00f3n y ampliaci\u00f3n autom\u00e1tica, Selecci\u00f3n autom\u00e1tica de bandeja, Cambio autom\u00e1tico de bandeja, Troquelado, Copia de libros, Creaci\u00f3n de folletos, Creaci\u00f3n de trabajos, Cubiertas, Originales de tama\u00f1os diversos, Insertos, Invertir imagen, Cola de trabajos, Originales de tama\u00f1os diversos.<\/div>\n<div><img loading=\"lazy\" decoding=\"async\" class=\"aligncenter size-large wp-image-2842\" src=\"http:\/\/tcd.digital\/wp-content\/uploads\/2022\/08\/COT-CONTADO-WC-7775-793x1024.jpg\" alt=\"\" width=\"793\" height=\"1024\" srcset=\"https:\/\/tcd.digital\/wp-content\/uploads\/2022\/08\/COT-CONTADO-WC-7775-793x1024.jpg 793w, https:\/\/tcd.digital\/wp-content\/uploads\/2022\/08\/COT-CONTADO-WC-7775-232x300.jpg 232w, https:\/\/tcd.digital\/wp-content\/uploads\/2022\/08\/COT-CONTADO-WC-7775-768x992.jpg 768w, https:\/\/tcd.digital\/wp-content\/uploads\/2022\/08\/COT-CONTADO-WC-7775-600x775.jpg 600w, https:\/\/tcd.digital\/wp-content\/uploads\/2022\/08\/COT-CONTADO-WC-7775.jpg 851w\" sizes=\"auto, (max-width: 793px) 100vw, 793px\" \/><\/div>\n<div><img loading=\"lazy\" decoding=\"async\" class=\"aligncenter size-large wp-image-2843\" src=\"http:\/\/tcd.digital\/wp-content\/uploads\/2022\/08\/TCO-XEROX-WC-7775-5-1-1024x791.jpg\" alt=\"\" width=\"1024\" height=\"791\" srcset=\"https:\/\/tcd.digital\/wp-content\/uploads\/2022\/08\/TCO-XEROX-WC-7775-5-1-1024x791.jpg 1024w, https:\/\/tcd.digital\/wp-content\/uploads\/2022\/08\/TCO-XEROX-WC-7775-5-1-300x232.jpg 300w, https:\/\/tcd.digital\/wp-content\/uploads\/2022\/08\/TCO-XEROX-WC-7775-5-1-768x593.jpg 768w, https:\/\/tcd.digital\/wp-content\/uploads\/2022\/08\/TCO-XEROX-WC-7775-5-1-1536x1187.jpg 1536w, https:\/\/tcd.digital\/wp-content\/uploads\/2022\/08\/TCO-XEROX-WC-7775-5-1-2048x1582.jpg 2048w, https:\/\/tcd.digital\/wp-content\/uploads\/2022\/08\/TCO-XEROX-WC-7775-5-1-1320x1020.jpg 1320w, https:\/\/tcd.digital\/wp-content\/uploads\/2022\/08\/TCO-XEROX-WC-7775-5-1-600x464.jpg 600w\" sizes=\"auto, (max-width: 1024px) 100vw, 1024px\" \/><\/div>\n<div><img loading=\"lazy\" decoding=\"async\" class=\"aligncenter size-large wp-image-2844\" src=\"http:\/\/tcd.digital\/wp-content\/uploads\/2022\/08\/TCO-XEROX-WC-7775-1024x791.jpg\" alt=\"\" width=\"1024\" height=\"791\" srcset=\"https:\/\/tcd.digital\/wp-content\/uploads\/2022\/08\/TCO-XEROX-WC-7775-1024x791.jpg 1024w, https:\/\/tcd.digital\/wp-content\/uploads\/2022\/08\/TCO-XEROX-WC-7775-300x232.jpg 300w, https:\/\/tcd.digital\/wp-content\/uploads\/2022\/08\/TCO-XEROX-WC-7775-768x593.jpg 768w, https:\/\/tcd.digital\/wp-content\/uploads\/2022\/08\/TCO-XEROX-WC-7775-1536x1187.jpg 1536w, https:\/\/tcd.digital\/wp-content\/uploads\/2022\/08\/TCO-XEROX-WC-7775-2048x1582.jpg 2048w, https:\/\/tcd.digital\/wp-content\/uploads\/2022\/08\/TCO-XEROX-WC-7775-1320x1020.jpg 1320w, https:\/\/tcd.digital\/wp-content\/uploads\/2022\/08\/TCO-XEROX-WC-7775-600x464.jpg 600w\" sizes=\"auto, (max-width: 1024px) 100vw, 1024px\" \/><\/div>\n<\/div>\n<\/div>\n<p>&nbsp;<\/p>\n<p>&nbsp;<\/p>\n<p>&nbsp;<\/p>\n<p>&nbsp;<\/p>\n<div><\/div>\n","protected":false},"excerpt":{"rendered":"<p>Impresora multifunci\u00f3n a color excepcionalmente eficaz. Muy segura. Extremadamente sencilla. 50 ppm a color,\u00a075 ppm byn.<\/p>\n<p>Velocidad: 50 ppm Color \/ 75 ppm B&amp;N<\/p>\n<p>Tipos de Papeles<\/p>\n<ul>\n<li>de 75 a 300 Gr.<\/li>\n<li>Bond, Adhesivo, Acetato, Texturizados, Vinil Blanco, Vinil Transparente, Sulfatada 14 pt. Autosecante y muchos mas ..<\/li>\n<\/ul>\n<p>Conexion: Red<\/p>\n<p>Tama\u00f1o Maximo: 13*19 Pulgadas (Mega Tabloide)<\/p>\n","protected":false},"featured_media":2147,"template":"","meta":{"om_disable_all_campaigns":false,"_mi_skip_tracking":false,"site-sidebar-layout":"default","site-content-layout":"default","ast-global-header-display":"","ast-main-header-display":"","ast-hfb-above-header-display":"","ast-hfb-below-header-display":"","ast-hfb-mobile-header-display":"","site-post-title":"","ast-breadcrumbs-content":"","ast-featured-img":"","footer-sml-layout":"","theme-transparent-header-meta":"default","adv-header-id-meta":"","stick-header-meta":"","header-above-stick-meta":"","header-main-stick-meta":"","header-below-stick-meta":""},"product_cat":[104,101,96,95,116],"product_tag":[],"class_list":{"0":"post-2019","1":"product","2":"type-product","3":"status-publish","4":"has-post-thumbnail","6":"product_cat-color-volumen-medio","7":"product_cat-escaner","8":"product_cat-impresora","9":"product_cat-multifuncional","10":"product_cat-impresion-hasta-13x19","12":"first","13":"instock","14":"shipping-taxable","15":"purchasable","16":"product-type-simple"},"aioseo_notices":[],"_links":{"self":[{"href":"https:\/\/tcd.digital\/index.php?rest_route=\/wp\/v2\/product\/2019","targetHints":{"allow":["GET"]}}],"collection":[{"href":"https:\/\/tcd.digital\/index.php?rest_route=\/wp\/v2\/product"}],"about":[{"href":"https:\/\/tcd.digital\/index.php?rest_route=\/wp\/v2\/types\/product"}],"wp:featuredmedia":[{"embeddable":true,"href":"https:\/\/tcd.digital\/index.php?rest_route=\/wp\/v2\/media\/2147"}],"wp:attachment":[{"href":"https:\/\/tcd.digital\/index.php?rest_route=%2Fwp%2Fv2%2Fmedia&parent=2019"}],"wp:term":[{"taxonomy":"product_cat","embeddable":true,"href":"https:\/\/tcd.digital\/index.php?rest_route=%2Fwp%2Fv2%2Fproduct_cat&post=2019"},{"taxonomy":"product_tag","embeddable":true,"href":"https:\/\/tcd.digital\/index.php?rest_route=%2Fwp%2Fv2%2Fproduct_tag&post=2019"}],"curies":[{"name":"wp","href":"https:\/\/api.w.org\/{rel}","templated":true}]}}